 2) to base 5
2
4 (base 7) to base 4
10
-5 (base 14) to base 15
-5
-c3 (base 14) to base 8
-253
Convert -a (base 11) to base 4.
-22
Convert 8 (base 15) to base 13.
8
-1 (base 2) to base 16
-1
-128 (base 9) to base 4
-1223
-2 (base 12) to base 2
-10
What is 79 (base 11) in base 6?
222
Convert -11 (base 2) to base 14.
-3
1 (base 9) to base 11
1
-3 (base 10) to base 8
-3
Convert -101 (base 3) to base 5.
-20
What is 2110 (base 3) in base 4?
1002
What is -77 (base 8) in base 2?
-111111
Convert 1010 (base 2) to base 14.
a
Convert 20 (base 9) to base 11.
17
1 (base 13) to base 5
1
-113 (base 4) to base 11
-21
54 (base 14) to base 8
112
What is -404 (base 5) in base 10?
-104
What is 81 (base 15) in base 16?
79
Convert -42 (base 9) to base 7.
-53
What is 1210 (base 3) in base 8?
60
-1111 (base 2) to base 16
-f
What is -c (base 16) in base 13?
-c
-17 (base 14) to base 8
-25
-3 (base 8) to base 11
-3
Convert 39 (base 13) to base 6.
120
110000110 (base 2) to base 16
186
Convert -1211 (base 5) to base 4.
-2311
Convert -2 (base 13) to base 6.
-2
Convert 12 (base 3) to base 16.
5
What is 0 (base 9) in base 8?
0
What is -4 (base 11) in base 4?
-10
What is -86 (base 12) in base 13?
-7b
1 (base 2) to base 3
1
Convert -20 (base 9) to base 7.
-24
Convert 110 (base 7) to base 14.
40
Convert 8e (base 15) to base 3.
11222
-6b (base 16) to base 4
-1223
-20 (base 3) to base 6
-10
What is 5 (base 9) in base 2?
101
Convert 2c (base 14) to base 12.
34
-11 (base 3) to base 2
-100
What is 45 (base 6) in base 15?
1e
Convert 32 (base 12) to base 6.
102
What is -1 (base 8) in base 12?
-1
Convert -5 (base 13) to base 4.
-11
What is 18 (base 14) in base 6?
34
Convert -16 (base 16) to base 7.
-31
4 (base 8) to base 14
4
1 (base 8) to base 5
1
1 (base 7) to base 9
1
2 (base 10) to base 8
2
What is a7 (base 15) in base 2?
10011101
Convert 0 (base 9) to base 11.
0
Convert -101111 (base 2) to base 6.
-115
-3 (base 14) to base 13
-3
Convert -37 (base 10) to base 13.
-2b
Convert -4 (base 16) to base 13.
-4
Convert -1 (base 2) to base 6.
-1
Convert -265 (base 7) to base 13.
-b2
What is -11 (base 7) in base 4?
-20
Convert -3 (base 5) to base 4.
-3
What is -22 (base 3) in base 7?
-11
What is 1c (base 15) in base 13?
21
What is -10 (base 5) in base 3?
-12
What is -131 (base 5) in base 12?
-35
Convert 1 (base 2) to base 13.
1
What is -22 (base 11) in base 9?
-26
Convert -1100101 (base 2) to base 7.
-203
What is -3 (base 13) in base 7?
-3
7 (base 11) to base 10
7
Convert 1010 (base 2) to base 14.
a
Convert -4 (base 8) to base 9.
-4
30 (base 8) to base 6
40
Convert -11011 (base 2) to base 8.
-33
-31 (base 4) to base 16
-d
Convert 1 (base 10) to base 11.
1
What is -1 (base 7) in base 9?
-1
What is 12 (base 6) in base 2?
1000
-51 (base 7) to base 8
-44
What is -17 (base 10) in base 2?
-10001
Convert 6 (base 15) to base 2.
110
What is 10 (base 8) in base 4?
20
Convert -1 (base 8) to base 5.
-1
What is -2 (base 16) in base 15?
-2
What is 0 (base 2) in base 5?
0
-2 (base 4) to base 9
-2
Convert -4 (base 14) to base 6.
-4
58 (base 10) to base 7
112
What is 2 (base 16) in base 10?
2
Convert 212 (base 9) to base 3.
20102
What is -a (base 14) in base 7?
-13
1010 (base 2) to base 10
10
What is 3 (base 7) in base 9?
3
Convert -29 (base 13) to base 2.
-100011
What is -2 (base 16) in base 4?
-2
12 (base 4) to base 2
110
Convert 1 (base 4) to base 15.
1
-3 (base 7) to base 13
-3
Convert -5 (base 10) to base 16.
-5
Convert -245 (base 7) to base 14.
-95
What is -2 (base 10) in base 9?
-2
What is 12 (base 5) in base 9?
7
What is 4 (base 10) in base 7?
4
What is 1001 (base 2) in base 3?
100
Convert -14 (base 9) to base 7.
-16
Convert 120 (base 3) to base 5.
30
-16 (base 13) to base 6
-31
What is 29 (base 13) in base 7?
50
Convert c (base 15) to base 9.
13
What is 0 (base 3) in base 5?
0
What is -29 (base 12) in base 11?
-30
-36 (base 11) to base 6
-103
Convert 11 (base 11) to base 4.
30
What is 1 (base 10) in base 3?
1
Convert -23 (base 8) to base 14.
-15
Convert 15 (base 11) to base 13.
13
What is 10 (base 3) in base 8?
3
What is -2 (base 12) in base 14?
-2
What is 0 (base 9) in base 2?
0
Convert 34 (base 9) to base 5.
111
Convert 134 (base 11) to base 2.
10011110
5 (base 16) to base 4
11
What is -1 (base 16) in base 4?
-1
Convert -2 (base 13) to base 16.
-2
What is 1 (base 2) in base 10?
1
Convert -20 (base 4) to base 5.
-13
Convert 211 (base 7) to base 11.
97
-1c (base 16) to base 13
-22
What is -88 (base 12) in base 14?
-76
What is -19 (base 13) in base 12?
-1a
47 (base 13) to base 5
214
What is 3 (base 14) in base 6?
3
-2 (base 4) to base 8
-2
What is 0 (base 4) in base 7?
0
Convert 5 (base 7) to base 3.
12
What is 1 (base 7) in base 13?
1
Convert -60 (base 10) to base 11.
-55
What is 55 (base 15) in base 8?
120
Convert 1 (base 2) to base 16.
1
What is -1020 (base 4) in base 12?
-60
112 (base 3) to base 6
22
-132 (base 10) to base 3
-11220
Convert -e (base 16) to base 3.
-112
What is 104 (base 8) in base 11?
62
Convert 2233 (base 5) to base 14.
18a
Convert 3 (base 7) to base 11.
3
What is -330 (base 5) in base 13?
-6c
Convert 1243 (base 5) to base 9.
240
Convert 1 (base 10) to base 5.
1
Convert -211 (base 3) to base 8.
-26
Convert 36 (base 7) to base 13.
21
Convert -10 (base 3) to base 4.
-3
What is 18c (base 16) in base 4?
12030
Convert 3 (base 15) to base 10.
3
-3 (base 5) to base 8
-3
What is d (base 15) in base 4?
31
-3 (base 9) to base 10
-3
Convert -222 (base 8) to base 5.
-1041
-4 (base 15) to base 5
-4
Convert -16 (base 10) to base 11.
-15
-73 (base 13) to base 10
-94
-2 (base 11) to base 4
-2
What is -14 (base 7) in base 3?
-102
1 (base 16) to base 5
1
What is 2 (base 16) in base 8?
2
-36 (base 9) to base 3
-1020
-4 (base 14) to base 4
-10
What is 17 (base 13) in base 2?
10100
-14 (base 10) to base 16
-e
20 (base 9) to base 10
18
Convert 20 (base 4) to base 11.
8
Convert -18 (base 15) to base 11.
-21
Convert 73 (base 14) to base 3.
10202
Convert -3 (base 13) to base 9.
-3
Convert 2 (base 12) to base 6.
2
Convert 4 (base 8) to base 15.
4
What is 1e (base 16) in base 7?
42
Convert -210 (base 3) to base 9.
-23
What is -7 (base 16) in base 11?
-7
4 (base 6) to base 7
4
What is -1b (base 12) in base 10?
-23
0 (base 4) to base 10
0
Convert -2 (base 3) to base 2.
-10
Convert 42 (base 10) to base 12.
36
What is -b2 (base 13) in base 3?
-12101
What is -24 (base 8) in base 11?
-19
What is 3 (base 11) in base 5?
3
What is 2 (base 13) in base 14?
2
What is -51 (base 15) in base 9?
-84
Convert -1 (base 6) to base 15.
-1
30 (base 13) to base 9
43
1100 (base 5) to base 8
226
Convert 20 (base 4) to base 14.
8
What is 3 (base 5) in base 11?
3
237 (base 11) to base 4
10122
-25 (base 14) to base 15
-23
What is 5 (base 8) in base 11?
5
-12 (base 3) to base 9
-5
What is 68 (base 16) in base 6?
252
What is a (base 14) in base 3?
101
Convert 11 (base 2) to base 15.
3
Convert -10 (base 4) to base 12.
-4
225 (base 8) to base 12
105
What is -100 (base 2) in base 8?
-4
107 (base 12) to base 13
b8
-34 (base 7) to base 10
-25
What is -72 (base 8) in base 14?
-42
What is 11 (base 5) in base 8?
6
1010 (base 2) to base 6
14
-100000000 (base 2) to base 13
-169
6 (base 12) to base 3
20
What is 2 (base 9) in base 4?
2
Convert -154 (base 6) to base 14.
-50
Convert 34 (base 12) to base 11.
37
Convert -2 (base 10) to base 13.
-2
What is -234 (base 5) in base 16?
-45
What is -5 (base 12) in base 8?
-5
30 (base 16) to base 10
48
Convert -7 (base 8) to base 2.
-111
272 (base 9) to base 12
16b
Convert -6 (base 15) to base 12.
-6
11011100 (base 2) to base 7
433
What is -237 (base 11) in base 16?
-11a
Convert 23 (base 9) to base 2.
10101
13 (base 9) to base 10
12
b (base 12) to base 7
14
What is 13 (base 6) in base 10?
9
What is 4 (base 12) in base 3?
11
What is -8 (base 9) in base 14?
-8
What is 14 (base 7) in base 12?
b
What is 4 (base 15) in base 16?
4
What is -1111 (base 2) in base 9?
-16
-120 (base 3) to base 5
-30
124 (base 14) to base 4
3210
Convert 2 (base 4) to base 5.
2
-11 (base 9) to base 13
-a
103 (base 7) to base 11
48
Convert -115 (base 6) to base 13.
-38
What is -1011 (base 2) in base 7?
-14
What is 141 (base 7) in base 3?
2220
-163 (base 7) to base 9
-114
30 (base 9) to base 4
123
-7 (base 14) to base 4
-13
-1 (base 